432. What is the hundreds digit of z?
7
Suppose -s - 7 + 4 = -3*a, -s = 5*a - 29. Let w = -17 - -38. Let t = w - s. What is the tens digit of t?
1
Suppose -4 = -2*h - 0. Suppose 3*t - 45 = -h*t. Let s = t + -2. What is the units digit of s?
7
Let m(t) = -t**3 - 10*t**2 - 10*t - 10. Let p be m(-6). Let n = p - -137. What is the units digit of n?
3
Let j be ((-288)/(-240))/(0 + (-4)/(-10)). Suppose 766 = 3*v - 4*b, j*b = -3*v + 338 + 421. What is the tens digit of v?
5
Let n(x) = 165*x**2 + 10*x + 3. What is the hundreds digit of n(-2)?
6
Let p = 13250 + -7846. What is the units digit of p?
4
Suppose 2*z = 2*k - 2914, -5*k + 7288 = 6*z - 8*z. Suppose 11*u - 1369 - k = 0. What is the hundreds digit of u?
2
Let q = 15 + -16. What is the units digit of 16 - 8 - (q - -1)?
8
Let j be (5/10)/((-2)/(-228)). Suppose s + 2*s + j = 0. Let l = -9 - s. What is the tens digit of l?
1
Suppose -5*l = -l - 3*w - 205, 4*l = -w + 193. Suppose -l*o = -53*o + 924. What is the tens digit of o?
3
Let p = -14 - -20. What is the units digit of ((-2)/4)/(p/(-828))?
9
Let n(i) = i**3 + 11*i**2 - 7*i - 2. Let k be n(-11). Suppose g = -g - 5*p + 159, -p = g - k. What is the units digit of g?
2
What is the hundreds digit of 420 + (-1)/(-5 + (0 - -4))?
4
Suppose 5*c = 2605 + 310. What is the tens digit of c?
8
Suppose -5*b - w = -73, -b - 3*w - 2 + 25 = 0. Let g(f) = 16*f - 8. What is the units digit of g(b)?
6
Let f = -44 - -14. What is the units digit of (-9)/(-15) - 582/f?
0
Let y be 0*4/16*-2. Suppose -h = 0, y = 2*j + 5*h - h - 12. Suppose 3*f - 2*u - 110 = 0, 5*u - 2*u - j = 0. What is the tens digit of f?
3
Let a = -94 - -178. Suppose -b = -a + 16. What is the tens digit of b - (4/4 - 1)?
6
Let o be (-1324)/(-8)*(-3 + 9). Suppose 0 = -6*l - 321 + o. What is the hundreds digit of l?
1
Let s(l) be the third derivative of -l**5/30 + l**4/12 + 20*l**3/3 - 13*l**2. What is the units digit of s(0)?
0
Suppose 3*r = 5*n + 306, -8*n + 3*n = 2*r + 321. What is the units digit of (16/(-6))/(7/n*1)?
4
Suppose c = 4, -6*c + 2*c = -p + 475. What is the units digit of p?
1
Let l = -33 - -14. Suppose b = 5*z - 3*b - 106, -2*z = -3*b - 41. Let k = z - l. What is the units digit of k?
1
Let b(n) = -94*n**3 - 8*n**2 + 22*n + 100. What is the units digit of b(-4)?
0
Let q(o) = -o**2 - 8*o + 5. Let g be q(-10). What is the units digit of g/2*34/(-3)?
5
Let o(v) = v**3 - 4*v**2 - 9*v + 5. Let h be o(6). Suppose -2*p - h = -3*p. Let g = p - 10. What is the tens digit of g?
1
Let q(f) = f**3 - 5*f**2 - f - 8. Let t be q(6). Let r(h) = -4*h**2 + 47*h + 2. Let u be r(12). Let i = t + u. What is the units digit of i?
2
Suppose 10 = 5*r, -5*r + 10 = -4*m + 40. Suppose -3*v = -h + m, 2*h + v - 80 = -h. Suppose 0*n = n, 0 = 5*b + n - h. What is the units digit of b?
5
Suppose 6757 = 2*d + 5*z, 3*z - 7*z - 6712 = -2*d. What is the units digit of d?
6
Suppose -8 = 3*m - 4*m. Let l(u) = -u**2 + 7*u - 1. Let g be l(m). What is the tens digit of (-152)/(-6) - 6/g?
2
Let j = 23 + -23. Suppose 8 = 4*q, -4*n - n - 3*q + 16 = j. Suppose -5*c + 193 = -2*b - n*b, -2*b - 4 = 0. What is the units digit of c?
7
Suppose -965 = 2*j + 3*n - 2983, -4*j + 2*n = -4068. What is the units digit of j?
5
Let i(n) = -n + 5. Let r be i(10). What is the units digit of (-4)/3*2*(-13 + r)?
8
Let m(r) = 7*r**2 - r - 1. Let q(d) = -7*d**2 + d + 1. Let n(i) = -4*m(i) - 5*q(i). Suppose s - 28 = 5*j, 2*s - 5*j - 47 = -16. What is the units digit of n(s)?
9
Let b(x) = 6*x - 63. Let y be b(11). Suppose y*v - 2*g = 889, -1197 = -4*v + 4*g + g. What is the tens digit of v?
9
Suppose -5*z = -1093 - 1952. What is the units digit of z?
9
Suppose d = 4*y - 19682, -6*d - 12424 + 2572 = -2*y. What is the units digit of y?
0
Suppose 4*p + 9*p - 2899 = 0. What is the units digit of p?
3
Let j(k) = -k**2 + k + 67. Let i be j(0). Suppose 159 - i = g. What is the units digit of g?
2
Let i = 997 + -929. What is the tens digit of i?
6
Suppose -5*k - 5*b + 75 = 0, 5*k + 4*b = 28 + 45. Suppose -7*s + 146 = k. What is the tens digit of s?
1
Let v = 0 + 4. Suppose -4*z + 20 = v*s, -z + 2*s - 10 = -2*z. What is the units digit of (-1 + z)/(3/(-45))?
5
Let a = 279 - -97. What is the tens digit of a?
7
Let o = -39 + 47. What is the units digit of (61/(-2))/(o/(-16))?
1
Let q = 443 - 333. What is the units digit of q?
0
Let q = 1850 + -732. What is the hundreds digit of q?
1
Let v = -13 + 14. Let p be 0 + v + -117 + -3. Let c = -82 - p. What is the units digit of c?
7
Let c = 41 - 35. What is the tens digit of 70 + c/3 + -1?
7
Suppose 3*i - 3*q = -2*i + 11, -2*q = 3*i - 18. Suppose -4*n - 341 = -5*d, 2*d - 48 = -i*n + 66. What is the units digit of d?
5
Let n = 2236 - 929. What is the hundreds digit of n?
3
Let m(a) = 4*a - 6. Let t be m(4). Let n(w) = w**3 - 10*w**2 + 10. Let k be n(t). What is the tens digit of (k/7)/(1/35)?
5
Suppose 68 = -4*c - 12. Let h(g) = -3*g - 46. What is the tens digit of h(c)?
1
Suppose 2*y - 4340 = -5*t, -3*t - 2*t + 4315 = -3*y. What is the units digit of t?
6
What is the units digit of (-2 - -1)*(4 + -1) - -258?
5
Suppose 12*v = -20*v + 70432. What is the hundreds digit of v?
2
Let g(z) = -z**3 - 5*z**2 - 8. Suppose -7*h + 5*w = -4*h + 3, 3*w + 33 = -4*h. What is the tens digit of g(h)?
2
Suppose 0 = -2*t + t + 136. Suppose -4*b = t - 644. What is the units digit of b?
7
Let m(n) = 34 - 14 - 15 + n. Let c = 14 + -10. What is the units digit of m(c)?
9
Let z = 85 + 89. Let u = z + -61. What is the units digit of u?
3
Let x(q) be the second derivative of q**5/20 + q**4/2 + q**3 - q**2/2 - 29*q. What is the units digit of x(-2)?
3
Let p = -18 - -18. Let l be (-14)/(-1) - (p + 2). Suppose 0 = 6*a - 5*a - l. What is the tens digit of a?
1
Suppose 0 = -2*n - 13 + 43. Let t = n + -13. Suppose -5*f = 4*o - 33, t*o + 3 = 2*f + 7*o. What is the units digit of f?
9
Suppose -16*y = -17*y + 5*a + 959, y = 3*a + 965. What is the units digit of y?
4
Let l = -8 + 11. Let c(o) = -o - 2 + 2*o**3 - 1 + 5 - 4*o**2. What is the tens digit of c(l)?
1
Suppose 31*d = 4*d + 6939. What is the hundreds digit of d?
2
Suppose -3*z = -h + 62, 5*h - z - 259 = -3*z. Let y = 74 + h. Let p = y + -58. What is the tens digit of p?
6
Let f(m) = -m**3 - 3*m**2 + 4*m - 1. Let z(w) = w - 10. Let o be z(6). Let t be f(o). What is the units digit of (t/3)/((-3)/639)?
1
Let y = 503 - -79. What is the tens digit of y?
8
Let z(h) = h**3 + h**2 + 2*h - 6. Let c = 26 - 26. Let g be z(c). Let x(j) = -j**3 - 5*j**2 + j. What is the units digit of x(g)?
0
Let j(y) = -y**3 - 5*y**2 + 7*y - 1. Let z be j(-6). Let g = -5 - z. Suppose g*o - 70 = -3*o. What is the tens digit of o?
1
What is the units digit of (-19 - -22)*(-271 - 1)/(-2)?
8
Suppose -19*r + 17*r = -1914. What is the tens digit of r?
5
Let z(x) = 3*x**3 + 2*x**2 + 7*x - 1. Let c(k) = -k**3 - k**2 - 3*k. Let n(y) = -7*c(y) - 3*z(y). Let i be n(-3). Let v = i - 45. What is the units digit of v?
1
Suppose 5*r = 5*h - 5, 5*h - r - 3*r - 6 = 0. Let c(u) = u**3 + 7*u**h - 37*u + 8 + 44*u + 3. What is the units digit of c(-5)?
6
Suppose 2 = 2*t - 76. Suppose -2*h + h = -t. Suppose -h = -3*x - 6. What is the tens digit of x?
1
Suppose 2*c = -q + 510, -c = -3 - 2. Suppose 3*b - x + 38 = 397, 0 = 4*b + 4*x - q. What is the tens digit of b?
2
Suppose 696 = 44*o - 43*o. Suppose 4*x + 100 = o. What is the hundreds digit of x?
1
Suppose -2*k = k + 12, 0 = -4*s + 3*k + 460. What is the hundreds digit of s?
1
Suppose -2*k + 33 = -b, 5*k + 27 = -2*b + 6. What is the tens digit of (-3 - -1)*(-6 + b)?
5
Suppose -2*p - 60 = -8*p. Suppose 2 - 3 = -d, -5*d = -5*c + p. Suppose -c*z = z - 144. What is the tens digit of z?
3
Suppose 2*h - 21 + 81 = 0. Let x be (24/h)/(4/10). What is the units digit of 5*(x + 36/10)?
8
What is the thousands digit of (5 - -128)*(-6 + 27 + 3)?
3
Let f(b) be the second derivative of b**5/20 - 2*b**4/3 + 4*b**3/3 - 5*b**2 + 4*b. Let p be f(7). What is the units digit of (-8 - p)*(-18)/10?
9
Let c(x) = 4*x**3 - 3*x**2 + 3*x - 1. Let f be c(2). Let s = f + -42. Let r = s + 18. What is the units digit of r?
1
Suppose k - 2*s = 22, -2 = -k - 3*s - 5. Suppose 0*z = 3*z - 360. Suppose k = -3*w + z. What is the tens digit of w?
3
Let q(t) = 2*t**2 + 9*t + 14. What is the units digit of q(-12)?
4
Let k(l) = 6*l**